{"id":97129,"date":"2025-02-27T17:34:06","date_gmt":"2025-02-27T20:34:06","guid":{"rendered":"https:\/\/vicosalta.com.ar\/?product=lamina-adhesiva-pochacco-2"},"modified":"2025-08-12T13:33:55","modified_gmt":"2025-08-12T16:33:55","slug":"lamina-adhesiva-pochacco-2","status":"publish","type":"product","link":"https:\/\/vicosalta.com.ar\/?product=lamina-adhesiva-pochacco-2","title":{"rendered":"LAMINA ADHESIVA POCHACCO (2)"},"content":{"rendered":"","protected":false},"excerpt":{"rendered":"<p>L\u00e1minas adhesivas &#8211; stickers de alta calidad y gran resistencia. Cada plancha incluye entre 5 y 9 dise\u00f1os diferentes, y se vende completa. Son perfectas para personalizar cuadernos, termos, celulares y m\u00e1s, agregando un toque \u00fanico y duradero.<\/p>\n","protected":false},"featured_media":97048,"comment_status":"open","ping_status":"closed","template":"","meta":[],"product_brand":[],"product_cat":[5105],"product_tag":[],"class_list":{"0":"post-97129","1":"product","2":"type-product","3":"status-publish","4":"has-post-thumbnail","6":"product_cat-dibujos-animados-lamina-adhesiva","8":"first","9":"instock","10":"shipping-taxable","11":"purchasable","12":"product-type-simple"},"_links":{"self":[{"href":"https:\/\/vicosalta.com.ar\/index.php?rest_route=\/wp\/v2\/product\/97129","targetHints":{"allow":["GET"]}}],"collection":[{"href":"https:\/\/vicosalta.com.ar\/index.php?rest_route=\/wp\/v2\/product"}],"about":[{"href":"https:\/\/vicosalta.com.ar\/index.php?rest_route=\/wp\/v2\/types\/product"}],"replies":[{"embeddable":true,"href":"https:\/\/vicosalta.com.ar\/index.php?rest_route=%2Fwp%2Fv2%2Fcomments&post=97129"}],"version-history":[{"count":0,"href":"https:\/\/vicosalta.com.ar\/index.php?rest_route=\/wp\/v2\/product\/97129\/revisions"}],"wp:featuredmedia":[{"embeddable":true,"href":"https:\/\/vicosalta.com.ar\/index.php?rest_route=\/wp\/v2\/media\/97048"}],"wp:attachment":[{"href":"https:\/\/vicosalta.com.ar\/index.php?rest_route=%2Fwp%2Fv2%2Fmedia&parent=97129"}],"wp:term":[{"taxonomy":"product_brand","embeddable":true,"href":"https:\/\/vicosalta.com.ar\/index.php?rest_route=%2Fwp%2Fv2%2Fproduct_brand&post=97129"},{"taxonomy":"product_cat","embeddable":true,"href":"https:\/\/vicosalta.com.ar\/index.php?rest_route=%2Fwp%2Fv2%2Fproduct_cat&post=97129"},{"taxonomy":"product_tag","embeddable":true,"href":"https:\/\/vicosalta.com.ar\/index.php?rest_route=%2Fwp%2Fv2%2Fproduct_tag&post=97129"}],"curies":[{"name":"wp","href":"https:\/\/api.w.org\/{rel}","templated":true}]}}