{"id":96096,"date":"2025-02-06T16:02:16","date_gmt":"2025-02-06T19:02:16","guid":{"rendered":"https:\/\/vicosalta.com.ar\/?post_type=product&#038;p=96096"},"modified":"2026-04-01T16:44:20","modified_gmt":"2026-04-01T19:44:20","slug":"bastidor-plastico","status":"publish","type":"product","link":"https:\/\/vicosalta.com.ar\/?product=bastidor-plastico","title":{"rendered":"BASTIDOR PLASTICO"},"content":{"rendered":"","protected":false},"excerpt":{"rendered":"<p>BASTIDOR DE PLASTICO PARA BORDADO<br \/>\nPerfecto para realizar bordados a mano con comodidad y precisi\u00f3n. Disponible en distintos tama\u00f1os, desde peque\u00f1os hasta grandes, para adaptarse a todos tus proyectos. Ideal para principiantes y expertos en bordado.<\/p>\n","protected":false},"featured_media":96094,"comment_status":"open","ping_status":"closed","template":"","meta":[],"product_brand":[],"product_cat":[4547],"product_tag":[5007,5063],"class_list":{"0":"post-96096","1":"product","2":"type-product","3":"status-publish","4":"has-post-thumbnail","6":"product_cat-accesorios-de-costura","7":"product_tag-ingresos","8":"product_tag-kit-de-bordado","10":"first","11":"instock","12":"shipping-taxable","13":"purchasable","14":"product-type-variable"},"_links":{"self":[{"href":"https:\/\/vicosalta.com.ar\/index.php?rest_route=\/wp\/v2\/product\/96096","targetHints":{"allow":["GET"]}}],"collection":[{"href":"https:\/\/vicosalta.com.ar\/index.php?rest_route=\/wp\/v2\/product"}],"about":[{"href":"https:\/\/vicosalta.com.ar\/index.php?rest_route=\/wp\/v2\/types\/product"}],"replies":[{"embeddable":true,"href":"https:\/\/vicosalta.com.ar\/index.php?rest_route=%2Fwp%2Fv2%2Fcomments&post=96096"}],"version-history":[{"count":2,"href":"https:\/\/vicosalta.com.ar\/index.php?rest_route=\/wp\/v2\/product\/96096\/revisions"}],"predecessor-version":[{"id":96103,"href":"https:\/\/vicosalta.com.ar\/index.php?rest_route=\/wp\/v2\/product\/96096\/revisions\/96103"}],"wp:featuredmedia":[{"embeddable":true,"href":"https:\/\/vicosalta.com.ar\/index.php?rest_route=\/wp\/v2\/media\/96094"}],"wp:attachment":[{"href":"https:\/\/vicosalta.com.ar\/index.php?rest_route=%2Fwp%2Fv2%2Fmedia&parent=96096"}],"wp:term":[{"taxonomy":"product_brand","embeddable":true,"href":"https:\/\/vicosalta.com.ar\/index.php?rest_route=%2Fwp%2Fv2%2Fproduct_brand&post=96096"},{"taxonomy":"product_cat","embeddable":true,"href":"https:\/\/vicosalta.com.ar\/index.php?rest_route=%2Fwp%2Fv2%2Fproduct_cat&post=96096"},{"taxonomy":"product_tag","embeddable":true,"href":"https:\/\/vicosalta.com.ar\/index.php?rest_route=%2Fwp%2Fv2%2Fproduct_tag&post=96096"}],"curies":[{"name":"wp","href":"https:\/\/api.w.org\/{rel}","templated":true}]}}