{"id":95988,"date":"2025-02-05T07:39:05","date_gmt":"2025-02-05T10:39:05","guid":{"rendered":"https:\/\/vicosalta.com.ar\/?product=aguja-de-bordar-magica"},"modified":"2025-10-16T13:43:28","modified_gmt":"2025-10-16T16:43:28","slug":"aguja-de-bordar-magica","status":"publish","type":"product","link":"https:\/\/vicosalta.com.ar\/?product=aguja-de-bordar-magica","title":{"rendered":"AGUJA DE BORDAR MAGICA"},"content":{"rendered":"","protected":false},"excerpt":{"rendered":"<p><strong>AGUJA M\u00c1GICA PARA BORDADO<\/strong><br \/>\nHerramienta ideal para bordar en bastidor de forma r\u00e1pida y sencilla. Permite crear bordados en relieve con diferentes grosores de hilo, logrando texturas \u00fanicas y decorativas. Perfecta para quienes buscan una t\u00e9cnica f\u00e1cil y creativa para sus proyectos.<\/p>\n","protected":false},"featured_media":95974,"comment_status":"open","ping_status":"closed","template":"","meta":[],"product_brand":[],"product_cat":[4547],"product_tag":[5007,5063],"class_list":{"0":"post-95988","1":"product","2":"type-product","3":"status-publish","4":"has-post-thumbnail","6":"product_cat-accesorios-de-costura","7":"product_tag-ingresos","8":"product_tag-kit-de-bordado","10":"first","11":"instock","12":"shipping-taxable","13":"purchasable","14":"product-type-simple"},"_links":{"self":[{"href":"https:\/\/vicosalta.com.ar\/index.php?rest_route=\/wp\/v2\/product\/95988","targetHints":{"allow":["GET"]}}],"collection":[{"href":"https:\/\/vicosalta.com.ar\/index.php?rest_route=\/wp\/v2\/product"}],"about":[{"href":"https:\/\/vicosalta.com.ar\/index.php?rest_route=\/wp\/v2\/types\/product"}],"replies":[{"embeddable":true,"href":"https:\/\/vicosalta.com.ar\/index.php?rest_route=%2Fwp%2Fv2%2Fcomments&post=95988"}],"version-history":[{"count":2,"href":"https:\/\/vicosalta.com.ar\/index.php?rest_route=\/wp\/v2\/product\/95988\/revisions"}],"predecessor-version":[{"id":96104,"href":"https:\/\/vicosalta.com.ar\/index.php?rest_route=\/wp\/v2\/product\/95988\/revisions\/96104"}],"wp:featuredmedia":[{"embeddable":true,"href":"https:\/\/vicosalta.com.ar\/index.php?rest_route=\/wp\/v2\/media\/95974"}],"wp:attachment":[{"href":"https:\/\/vicosalta.com.ar\/index.php?rest_route=%2Fwp%2Fv2%2Fmedia&parent=95988"}],"wp:term":[{"taxonomy":"product_brand","embeddable":true,"href":"https:\/\/vicosalta.com.ar\/index.php?rest_route=%2Fwp%2Fv2%2Fproduct_brand&post=95988"},{"taxonomy":"product_cat","embeddable":true,"href":"https:\/\/vicosalta.com.ar\/index.php?rest_route=%2Fwp%2Fv2%2Fproduct_cat&post=95988"},{"taxonomy":"product_tag","embeddable":true,"href":"https:\/\/vicosalta.com.ar\/index.php?rest_route=%2Fwp%2Fv2%2Fproduct_tag&post=95988"}],"curies":[{"name":"wp","href":"https:\/\/api.w.org\/{rel}","templated":true}]}}