{"id":88971,"date":"2024-10-29T12:02:33","date_gmt":"2024-10-29T15:02:33","guid":{"rendered":"https:\/\/vicosalta.com.ar\/?product=ribeteador-p-maquina-recta-20x10mm-l-02-a4"},"modified":"2025-08-19T20:03:57","modified_gmt":"2025-08-19T23:03:57","slug":"ribeteador-p-maquina-recta-20x10mm-l-02-a4","status":"publish","type":"product","link":"https:\/\/vicosalta.com.ar\/?product=ribeteador-p-maquina-recta-20x10mm-l-02-a4","title":{"rendered":"PIE RIBETEADOR P\/MAQUINA RECTA 20X10mm &#8211; L-02\/A4"},"content":{"rendered":"<p>Pie para m\u00e1quina de coser industrial: este pr\u00e1ctico accesorio facilita la colocaci\u00f3n de cinta al bies de forma r\u00e1pida y sencilla, garantizando un acabado prolijo y centrado sin esfuerzo. Con este pie, lograr\u00e1s un acabado de alta calidad en cada proyecto, optimizando tiempo y resultados.<br \/>\nNo incluye tornillos, para la colocacion en la mesa.<\/p>\n","protected":false},"excerpt":{"rendered":"<p>Pie para m\u00e1quina de coser industrial: este pr\u00e1ctico accesorio facilita la colocaci\u00f3n de cinta al bies de forma r\u00e1pida y sencilla, garantizando un acabado prolijo y centrado sin esfuerzo. Con este pie, lograr\u00e1s un acabado de alta calidad en cada proyecto, optimizando tiempo y resultados. No incluye tornillos, para la colocacion en la mesa.<\/p>\n","protected":false},"featured_media":88966,"comment_status":"open","ping_status":"closed","template":"","meta":[],"product_brand":[],"product_cat":[4987],"product_tag":[4989],"class_list":{"0":"post-88971","1":"product","2":"type-product","3":"status-publish","4":"has-post-thumbnail","6":"product_cat-dobladilladores","7":"product_tag-guia-para-recta","9":"first","10":"instock","11":"shipping-taxable","12":"purchasable","13":"product-type-simple"},"_links":{"self":[{"href":"https:\/\/vicosalta.com.ar\/index.php?rest_route=\/wp\/v2\/product\/88971","targetHints":{"allow":["GET"]}}],"collection":[{"href":"https:\/\/vicosalta.com.ar\/index.php?rest_route=\/wp\/v2\/product"}],"about":[{"href":"https:\/\/vicosalta.com.ar\/index.php?rest_route=\/wp\/v2\/types\/product"}],"replies":[{"embeddable":true,"href":"https:\/\/vicosalta.com.ar\/index.php?rest_route=%2Fwp%2Fv2%2Fcomments&post=88971"}],"version-history":[{"count":3,"href":"https:\/\/vicosalta.com.ar\/index.php?rest_route=\/wp\/v2\/product\/88971\/revisions"}],"predecessor-version":[{"id":89037,"href":"https:\/\/vicosalta.com.ar\/index.php?rest_route=\/wp\/v2\/product\/88971\/revisions\/89037"}],"wp:featuredmedia":[{"embeddable":true,"href":"https:\/\/vicosalta.com.ar\/index.php?rest_route=\/wp\/v2\/media\/88966"}],"wp:attachment":[{"href":"https:\/\/vicosalta.com.ar\/index.php?rest_route=%2Fwp%2Fv2%2Fmedia&parent=88971"}],"wp:term":[{"taxonomy":"product_brand","embeddable":true,"href":"https:\/\/vicosalta.com.ar\/index.php?rest_route=%2Fwp%2Fv2%2Fproduct_brand&post=88971"},{"taxonomy":"product_cat","embeddable":true,"href":"https:\/\/vicosalta.com.ar\/index.php?rest_route=%2Fwp%2Fv2%2Fproduct_cat&post=88971"},{"taxonomy":"product_tag","embeddable":true,"href":"https:\/\/vicosalta.com.ar\/index.php?rest_route=%2Fwp%2Fv2%2Fproduct_tag&post=88971"}],"curies":[{"name":"wp","href":"https:\/\/api.w.org\/{rel}","templated":true}]}}