{"id":69587,"date":"2023-11-25T10:26:17","date_gmt":"2023-11-25T13:26:17","guid":{"rendered":"https:\/\/vicosalta.com.ar\/?product=brother-pr680"},"modified":"2026-03-26T14:28:53","modified_gmt":"2026-03-26T17:28:53","slug":"brother-pr680","status":"publish","type":"product","link":"https:\/\/vicosalta.com.ar\/?product=brother-pr680","title":{"rendered":"BROTHER PR680"},"content":{"rendered":"<h2>\u00bfEst\u00e1s listo para llevar tu pasi\u00f3n por el bordado al siguiente nivel? La PR680W es una innovadora m\u00e1quina de bordar de 6 agujas, preparada para comenzar a profesionalizar tu negocio. Con brazo libre, conectividad inal\u00e1mbrica y precisi\u00f3n de puntero l\u00e1ser en forma de cruz, la PR680W puede manejar una amplia gama de proyectos y telas con una gran \u00e1rea de bordado de 30 x 20 cm. Aprecia tus dise\u00f1os en la gran pantalla LCD de alta definici\u00f3n incorporada. Crea algo nuevo o agrega un toque de edici\u00f3n con los 100 dise\u00f1os de bordado incorporados, 18 estilos de fuente con monogramas, 140 combinaciones de patrones de marcos, 50 fuentes de letras, 601 patrones de alfabeto decorativo y 10 estilos de ojales en 3 tama\u00f1os. \u00a1Un sue\u00f1o hecho realidad!<\/h2>\n<h2>Caracteristicas:<\/h2>\n<ul>\n<li>\n<h3>Area m\u00e1xima de bordado de hasta 30 x 20 cm<\/h3>\n<\/li>\n<li>\n<h3><b><\/b>Velocidad hasta 1000 puntadas por minuto<\/h3>\n<\/li>\n<li>\n<h3><b><\/b>989 dise\u00f1os de bordado y 50 fuentes incluidos<\/h3>\n<\/li>\n<li>\n<h3><b><\/b>Puntero l\u00e1ser en forma de cruz para un posicionamiento preciso del bordado<\/h3>\n<\/li>\n<li>\n<h3><b><\/b>Gran pantalla t\u00e1ctil LCD a color, con edici\u00f3n avanzada de bordado<\/h3>\n<\/li>\n<li>\n<h3><b><\/b>Enhebrado autom\u00e1tico electr\u00f3nico<\/h3>\n<\/li>\n<li>\n<h3><b><\/b>Corte autom\u00e1tico de salto de hilo<\/h3>\n<\/li>\n<li>\n<h3><b><\/b>Puerto USB y PC para cargar nuevos dise\u00f1os de bordado<\/h3>\n<\/li>\n<li>\n<h3><b><\/b>Iluminaci\u00f3n LED<\/h3>\n<\/li>\n<li>\n<h3><b><\/b>Devanador independiente, para bobinar mientras se est\u00e1 bordando<\/h3>\n<\/li>\n<li>\n<h3><b><\/b>Modos de bloqueo de seguridad operador y administrador en pantalla<\/h3>\n<\/li>\n<li>\n<h3><b><\/b>Conectividad WiFi para transferir dise\u00f1os de bordado desde la PC<\/h3>\n<\/li>\n<li>\n<h3><b><\/b>Monitoreo del avance de bordado desde el celular gracias a la aplicaci\u00f3n gratuita My Stitch Monitor<\/h3>\n<\/li>\n<li>\n<h3><b><\/b>Incluye 4 bastidores y sus gu\u00edas de posicionamiento: bastidor de 30 x 20 cm, bastidor de 18 x 13 cm, bastidor de 10 x 10 cm, bastidor de 6 x 4 cm, bobinador independiente y kit de inicio de bordado<\/h3>\n<\/li>\n<li>\n<h3><b><\/b>Amplia variedad de bastidores opcionales, para bordadora de gorras, calzados, mangas\u2026<\/h3>\n<\/li>\n<\/ul>\n<p>&nbsp;<\/p>\n<p>&nbsp;<\/p>\n","protected":false},"excerpt":{"rendered":"<p>\u00bfEst\u00e1s listo para llevar tu pasi\u00f3n por el bordado al siguiente nivel? La PR680W es una innovadora m\u00e1quina de bordar de 6 agujas, preparada para comenzar a profesionalizar tu negocio. Con brazo libre, conectividad inal\u00e1mbrica y precisi\u00f3n de puntero l\u00e1ser en forma de cruz, la PR680W puede manejar una amplia gama de proyectos y telas [&hellip;]<\/p>\n","protected":false},"featured_media":1508,"comment_status":"open","ping_status":"closed","template":"","meta":[],"product_brand":[],"product_cat":[5148],"product_tag":[],"class_list":{"0":"post-69587","1":"product","2":"type-product","3":"status-publish","4":"has-post-thumbnail","6":"product_cat-industrial","8":"first","9":"instock","10":"shipping-taxable","11":"purchasable","12":"product-type-simple"},"_links":{"self":[{"href":"https:\/\/vicosalta.com.ar\/index.php?rest_route=\/wp\/v2\/product\/69587","targetHints":{"allow":["GET"]}}],"collection":[{"href":"https:\/\/vicosalta.com.ar\/index.php?rest_route=\/wp\/v2\/product"}],"about":[{"href":"https:\/\/vicosalta.com.ar\/index.php?rest_route=\/wp\/v2\/types\/product"}],"replies":[{"embeddable":true,"href":"https:\/\/vicosalta.com.ar\/index.php?rest_route=%2Fwp%2Fv2%2Fcomments&post=69587"}],"version-history":[{"count":5,"href":"https:\/\/vicosalta.com.ar\/index.php?rest_route=\/wp\/v2\/product\/69587\/revisions"}],"predecessor-version":[{"id":126748,"href":"https:\/\/vicosalta.com.ar\/index.php?rest_route=\/wp\/v2\/product\/69587\/revisions\/126748"}],"wp:featuredmedia":[{"embeddable":true,"href":"https:\/\/vicosalta.com.ar\/index.php?rest_route=\/wp\/v2\/media\/1508"}],"wp:attachment":[{"href":"https:\/\/vicosalta.com.ar\/index.php?rest_route=%2Fwp%2Fv2%2Fmedia&parent=69587"}],"wp:term":[{"taxonomy":"product_brand","embeddable":true,"href":"https:\/\/vicosalta.com.ar\/index.php?rest_route=%2Fwp%2Fv2%2Fproduct_brand&post=69587"},{"taxonomy":"product_cat","embeddable":true,"href":"https:\/\/vicosalta.com.ar\/index.php?rest_route=%2Fwp%2Fv2%2Fproduct_cat&post=69587"},{"taxonomy":"product_tag","embeddable":true,"href":"https:\/\/vicosalta.com.ar\/index.php?rest_route=%2Fwp%2Fv2%2Fproduct_tag&post=69587"}],"curies":[{"name":"wp","href":"https:\/\/api.w.org\/{rel}","templated":true}]}}