{"id":69581,"date":"2023-11-25T10:26:16","date_gmt":"2023-11-25T13:26:16","guid":{"rendered":"https:\/\/vicosalta.com.ar\/?product=brother-sdx225"},"modified":"2026-04-11T12:50:35","modified_gmt":"2026-04-11T15:50:35","slug":"brother-pe10l","status":"publish","type":"product","link":"https:\/\/vicosalta.com.ar\/?product=brother-pe10l","title":{"rendered":"BROTHER PE 910"},"content":{"rendered":"<p><!-- IDEAL PARA --><\/p>\n<div style=\"background-color: #f5effc; padding: 25px; border-radius: 12px; margin-bottom: 25px;\">\n<h2 style=\"color: #6a4c93; font-size: 22px; margin-bottom: 15px;\">Ideal para:<\/h2>\n<ul style=\"padding-left: 20px;\">\n<li>Personalizaci\u00f3n de prendas.<\/li>\n<li>Bordado de logos empresariales.<\/li>\n<li>Emprendimientos textiles.<\/li>\n<li>Decoraci\u00f3n de art\u00edculos para el hogar.<\/li>\n<\/ul>\n<\/div>\n","protected":false},"excerpt":{"rendered":"<section style=\"font-family: Arial, Helvetica, sans-serif; max-width: 900px; margin: auto; padding: 20px; line-height: 1.6; color: #4a4453;\"><!-- T\u00cdTULO --><\/p>\n<div style=\"text-align: center; margin-bottom: 30px;\">\n<h4 style=\"color: #6a4c93; font-size: 32px; margin-bottom: 10px;\"><span style=\"color: #0000ff;\"><strong>BROTHER PE910<\/strong><\/span><\/h4>\n<h5 style=\"font-size: 18px; color: #7b6d8d;\"><strong>M\u00e1quina de Bordado Profesional con Conectividad Inal\u00e1mbrica<\/strong><\/h5>\n<\/div>\n<p><strong><!-- BLOQUE PRINCIPAL --><\/strong><\/p>\n<div style=\"background-color: #f5effc; padding: 25px; border-radius: 12px; margin-bottom: 25px;\">\n<h2 style=\"color: #6a4c93; font-size: 22px; margin-bottom: 15px;\"><strong>Caracter\u00edsticas Principales<\/strong><\/h2>\n<ul style=\"padding-left: 20px;\">\n<li>\u00c1rea de bordado amplia de 13 x 18 cm (5\u201d x 7\u201d).<\/li>\n<li>Pantalla t\u00e1ctil LCD color de 3,7\u201d.<\/li>\n<li>193 dise\u00f1os de bordado incorporados.<\/li>\n<li>13 estilos de fuentes para monogramas.<\/li>\n<li>Conectividad WiFi para transferencia de dise\u00f1os.<\/li>\n<li>Puerto USB para importar archivos.<\/li>\n<li>Enhebrador autom\u00e1tico de aguja.<\/li>\n<li>Cortador autom\u00e1tico de hilo.<\/li>\n<\/ul>\n<\/div>\n<p><!-- CONECTIVIDAD --><\/p>\n<div style=\"background-color: #ede4f7; padding: 25px; border-radius: 12px; margin-bottom: 25px;\">\n<h2 style=\"color: #6a4c93; font-size: 22px; margin-bottom: 15px;\"><strong>Tecnolog\u00eda y Conectividad<\/strong><\/h2>\n<p>La Brother PE910 permite transferir dise\u00f1os de forma inal\u00e1mbrica mediante WiFi,<br \/>\nfacilitando el env\u00edo directo desde tu computadora. Compatible con formatos de bordado est\u00e1ndar. Ideal para emprendimientos, talleres y personalizaci\u00f3n profesional.<\/p>\n<\/div>\n<\/section>\n","protected":false},"featured_media":73177,"comment_status":"open","ping_status":"closed","template":"","meta":[],"product_brand":[],"product_cat":[4589],"product_tag":[],"class_list":{"0":"post-69581","1":"product","2":"type-product","3":"status-publish","4":"has-post-thumbnail","6":"product_cat-brother-maq-fam-bordar","8":"first","9":"instock","10":"shipping-taxable","11":"purchasable","12":"product-type-simple"},"_links":{"self":[{"href":"https:\/\/vicosalta.com.ar\/index.php?rest_route=\/wp\/v2\/product\/69581","targetHints":{"allow":["GET"]}}],"collection":[{"href":"https:\/\/vicosalta.com.ar\/index.php?rest_route=\/wp\/v2\/product"}],"about":[{"href":"https:\/\/vicosalta.com.ar\/index.php?rest_route=\/wp\/v2\/types\/product"}],"replies":[{"embeddable":true,"href":"https:\/\/vicosalta.com.ar\/index.php?rest_route=%2Fwp%2Fv2%2Fcomments&post=69581"}],"version-history":[{"count":10,"href":"https:\/\/vicosalta.com.ar\/index.php?rest_route=\/wp\/v2\/product\/69581\/revisions"}],"predecessor-version":[{"id":129369,"href":"https:\/\/vicosalta.com.ar\/index.php?rest_route=\/wp\/v2\/product\/69581\/revisions\/129369"}],"wp:featuredmedia":[{"embeddable":true,"href":"https:\/\/vicosalta.com.ar\/index.php?rest_route=\/wp\/v2\/media\/73177"}],"wp:attachment":[{"href":"https:\/\/vicosalta.com.ar\/index.php?rest_route=%2Fwp%2Fv2%2Fmedia&parent=69581"}],"wp:term":[{"taxonomy":"product_brand","embeddable":true,"href":"https:\/\/vicosalta.com.ar\/index.php?rest_route=%2Fwp%2Fv2%2Fproduct_brand&post=69581"},{"taxonomy":"product_cat","embeddable":true,"href":"https:\/\/vicosalta.com.ar\/index.php?rest_route=%2Fwp%2Fv2%2Fproduct_cat&post=69581"},{"taxonomy":"product_tag","embeddable":true,"href":"https:\/\/vicosalta.com.ar\/index.php?rest_route=%2Fwp%2Fv2%2Fproduct_tag&post=69581"}],"curies":[{"name":"wp","href":"https:\/\/api.w.org\/{rel}","templated":true}]}}