{"id":131812,"date":"2026-04-01T11:44:58","date_gmt":"2026-04-01T14:44:58","guid":{"rendered":"https:\/\/vicosalta.com.ar\/?product=canelon-estampado-1232"},"modified":"2026-04-01T11:44:58","modified_gmt":"2026-04-01T14:44:58","slug":"canelon-estampado-1232","status":"publish","type":"product","link":"https:\/\/vicosalta.com.ar\/?product=canelon-estampado-1232","title":{"rendered":"CANELON ESTAMPADO &#8211; 1232"},"content":{"rendered":"","protected":false},"excerpt":{"rendered":"<div style=\"box-sizing: border-box; max-width: 600px; width: 100%; margin: 8px auto 10px auto; padding: 12px 14px; border: 1px solid #e7c6a4; border-left: 4px solid #b97845; border-radius: 12px; background: #fffaf4; font-family: system-ui,-apple-system,Segoe UI,Roboto,Arial,sans-serif; color: #4b2a1a;\" role=\"region\" aria-label=\"Promoci\u00f3n liquidaci\u00f3n canel\u00f3n estampado\">\n<div style=\"margin: 0 0 6px 0; font-size: 11px; line-height: 1.2; font-weight: 800; letter-spacing: .5px; text-transform: uppercase; color: #9a6038;\">Liquidaci\u00f3n \u00b7 Contado \/ Transferencia<\/div>\n<div style=\"margin: 0 0 7px 0; font-size: clamp(18px,5vw,22px); line-height: 1.15; font-weight: 900; color: #4b2a1a;\">$9.700 <strong>promo por metro!<\/strong><\/div>\n<div style=\"margin: 0; font-size: 13px; line-height: 1.45; color: #4b2a1a;\">Antes este beneficio se aplicaba llevando <b>5 metros<\/b>. Ahora te lo aplicamos <b>desde 1 metro<\/b>.<\/div>\n<div style=\"margin: 8px 0 0 0; padding-top: 8px; border-top: 1px solid #edd1b0; font-size: 11px; line-height: 1.35; color: #6b5245;\"><em>El precio es <b>por metro<\/b> \u00b7 Stock sujeto a disponibilidad, promocion valida hasta agotar stock o cambios de precios.<\/em><\/div>\n<\/div>\n","protected":false},"featured_media":131772,"comment_status":"open","ping_status":"closed","template":"","meta":[],"product_brand":[],"product_cat":[5229],"product_tag":[5017],"class_list":{"0":"post-131812","1":"product","2":"type-product","3":"status-publish","4":"has-post-thumbnail","6":"product_cat-matelasse-estampado","7":"product_tag-nuevas-telas","9":"first","10":"instock","11":"sale","12":"shipping-taxable","13":"purchasable","14":"product-type-simple"},"_links":{"self":[{"href":"https:\/\/vicosalta.com.ar\/index.php?rest_route=\/wp\/v2\/product\/131812","targetHints":{"allow":["GET"]}}],"collection":[{"href":"https:\/\/vicosalta.com.ar\/index.php?rest_route=\/wp\/v2\/product"}],"about":[{"href":"https:\/\/vicosalta.com.ar\/index.php?rest_route=\/wp\/v2\/types\/product"}],"replies":[{"embeddable":true,"href":"https:\/\/vicosalta.com.ar\/index.php?rest_route=%2Fwp%2Fv2%2Fcomments&post=131812"}],"version-history":[{"count":0,"href":"https:\/\/vicosalta.com.ar\/index.php?rest_route=\/wp\/v2\/product\/131812\/revisions"}],"wp:featuredmedia":[{"embeddable":true,"href":"https:\/\/vicosalta.com.ar\/index.php?rest_route=\/wp\/v2\/media\/131772"}],"wp:attachment":[{"href":"https:\/\/vicosalta.com.ar\/index.php?rest_route=%2Fwp%2Fv2%2Fmedia&parent=131812"}],"wp:term":[{"taxonomy":"product_brand","embeddable":true,"href":"https:\/\/vicosalta.com.ar\/index.php?rest_route=%2Fwp%2Fv2%2Fproduct_brand&post=131812"},{"taxonomy":"product_cat","embeddable":true,"href":"https:\/\/vicosalta.com.ar\/index.php?rest_route=%2Fwp%2Fv2%2Fproduct_cat&post=131812"},{"taxonomy":"product_tag","embeddable":true,"href":"https:\/\/vicosalta.com.ar\/index.php?rest_route=%2Fwp%2Fv2%2Fproduct_tag&post=131812"}],"curies":[{"name":"wp","href":"https:\/\/api.w.org\/{rel}","templated":true}]}}