{"id":131747,"date":"2026-03-31T13:04:49","date_gmt":"2026-03-31T16:04:49","guid":{"rendered":"https:\/\/vicosalta.com.ar\/?post_type=product&#038;p=131747"},"modified":"2026-04-09T17:57:43","modified_gmt":"2026-04-09T20:57:43","slug":"rafia-laminada","status":"publish","type":"product","link":"https:\/\/vicosalta.com.ar\/?product=rafia-laminada","title":{"rendered":"RAFIA LAMINADA"},"content":{"rendered":"","protected":false},"excerpt":{"rendered":"<p>En nuestro pa\u00eds, la rafia laminada es el est\u00e1ndar para la fabricaci\u00f3n de <b data-path-to-node=\"3\" data-index-in-node=\"73\">cobertores de piletas<\/b>, cerramientos provisorios de obras, silobolsas econ\u00f3micos y bolsas industriales. A diferencia de la rafia com\u00fan, esta tiene una l\u00e1mina de polietileno pegada que la hace <b data-path-to-node=\"3\" data-index-in-node=\"264\">impermeable<\/b> y mucho m\u00e1s resistente al sol (protecci\u00f3n UV). No es una lona de cami\u00f3n pesada, sino un tejido pl\u00e1stico liviano, lavable y muy duradero.<\/p>\n<p data-path-to-node=\"9\"><b data-path-to-node=\"9\" data-index-in-node=\"0\">Usos principales:<\/b><\/p>\n<ul data-path-to-node=\"10\">\n<li>\n<h6 data-path-to-node=\"10,0,0\"><b data-path-to-node=\"10,0,0\" data-index-in-node=\"0\">Piletas:<\/b> Base protectora para piletas de lona y cobertores superiores para evitar la suciedad.<\/h6>\n<\/li>\n<li>\n<h6 data-path-to-node=\"10,1,0\"><b data-path-to-node=\"10,1,0\" data-index-in-node=\"0\">Jard\u00edn y Hogar:<\/b> Fundas para muebles de exterior, cubrecoches y toldos provisorios.<\/h6>\n<\/li>\n<li>\n<h6 data-path-to-node=\"10,2,0\"><b data-path-to-node=\"10,2,0\" data-index-in-node=\"0\">Construcci\u00f3n:<\/b> Cerramientos de obra y protecci\u00f3n de materiales a la intemperie.<\/h6>\n<\/li>\n<li>\n<h6 data-path-to-node=\"10,3,0\"><b data-path-to-node=\"10,3,0\" data-index-in-node=\"0\">Log\u00edstica:<\/b> Separador de carga y embalaje industrial resistente.<\/h6>\n<\/li>\n<\/ul>\n","protected":false},"featured_media":131735,"comment_status":"open","ping_status":"closed","template":"","meta":[],"product_brand":[],"product_cat":[5228],"product_tag":[5007],"class_list":{"0":"post-131747","1":"product","2":"type-product","3":"status-publish","4":"has-post-thumbnail","6":"product_cat-rafia-laminada","7":"product_tag-ingresos","9":"first","10":"instock","11":"shipping-taxable","12":"purchasable","13":"product-type-variable"},"_links":{"self":[{"href":"https:\/\/vicosalta.com.ar\/index.php?rest_route=\/wp\/v2\/product\/131747","targetHints":{"allow":["GET"]}}],"collection":[{"href":"https:\/\/vicosalta.com.ar\/index.php?rest_route=\/wp\/v2\/product"}],"about":[{"href":"https:\/\/vicosalta.com.ar\/index.php?rest_route=\/wp\/v2\/types\/product"}],"replies":[{"embeddable":true,"href":"https:\/\/vicosalta.com.ar\/index.php?rest_route=%2Fwp%2Fv2%2Fcomments&post=131747"}],"version-history":[{"count":2,"href":"https:\/\/vicosalta.com.ar\/index.php?rest_route=\/wp\/v2\/product\/131747\/revisions"}],"predecessor-version":[{"id":131755,"href":"https:\/\/vicosalta.com.ar\/index.php?rest_route=\/wp\/v2\/product\/131747\/revisions\/131755"}],"wp:featuredmedia":[{"embeddable":true,"href":"https:\/\/vicosalta.com.ar\/index.php?rest_route=\/wp\/v2\/media\/131735"}],"wp:attachment":[{"href":"https:\/\/vicosalta.com.ar\/index.php?rest_route=%2Fwp%2Fv2%2Fmedia&parent=131747"}],"wp:term":[{"taxonomy":"product_brand","embeddable":true,"href":"https:\/\/vicosalta.com.ar\/index.php?rest_route=%2Fwp%2Fv2%2Fproduct_brand&post=131747"},{"taxonomy":"product_cat","embeddable":true,"href":"https:\/\/vicosalta.com.ar\/index.php?rest_route=%2Fwp%2Fv2%2Fproduct_cat&post=131747"},{"taxonomy":"product_tag","embeddable":true,"href":"https:\/\/vicosalta.com.ar\/index.php?rest_route=%2Fwp%2Fv2%2Fproduct_tag&post=131747"}],"curies":[{"name":"wp","href":"https:\/\/api.w.org\/{rel}","templated":true}]}}