{"id":104861,"date":"2025-04-21T12:21:36","date_gmt":"2025-04-21T15:21:36","guid":{"rendered":"https:\/\/vicosalta.com.ar\/?product=set-de-motor-incorporado-direct-drive"},"modified":"2026-03-17T11:30:52","modified_gmt":"2026-03-17T14:30:52","slug":"set-de-motor-incorporado-direct-drive","status":"publish","type":"product","link":"https:\/\/vicosalta.com.ar\/?product=set-de-motor-incorporado-direct-drive","title":{"rendered":"SET COMPLETO DE MOTOR SERVO INCORPORADO DIRECT-DRIVE"},"content":{"rendered":"<p><strong>MODERNIZ\u00c1 TU M\u00c1QUINA INDUSTRIAL CON ESTE SET DE MOTOR DIRECT-DRIVE (550W)<\/strong><br \/>\nCon este completo set pod\u00e9s transformar tu m\u00e1quina industrial de motor convencional en una versi\u00f3n moderna, silenciosa y de bajo consumo, tal como si fuera un modelo nuevo de f\u00e1brica.<\/p>\n<p>VENTAJAS PRINCIPALES:<\/p>\n<ul>\n<li>Motor de 550W, silencioso y de bajo consumo.<\/li>\n<li>Se instala directamente en el cabezal de la m\u00e1quina (sin motor colgante).<\/li>\n<li>\u00a0Sistema de devanado o bobinado adherido.<\/li>\n<li>Luz LED incorporada con bot\u00f3n pulsador para 1\/2 puntada.<\/li>\n<li>Regulador de velocidad integrado.<\/li>\n<li>Posicionador de aguja autom\u00e1tico.<\/li>\n<\/ul>\n<p>Adem\u00e1s de un funcionamiento m\u00e1s preciso y c\u00f3modo, vas a sentir que tu m\u00e1quina vuelve a estar como reci\u00e9n salida de f\u00e1brica.<\/p>\n<p><em>Precio contado (efectivo o transferencia). Consult\u00e1 por otras formas de pago o financiaci\u00f3n con tarjeta.<\/em><\/p>\n","protected":false},"excerpt":{"rendered":"<p>MODERNIZ\u00c1 TU M\u00c1QUINA INDUSTRIAL CON ESTE SET DE MOTOR DIRECT-DRIVE (550W) Con este completo set pod\u00e9s transformar tu m\u00e1quina industrial de motor convencional en una versi\u00f3n moderna, silenciosa y de bajo consumo, tal como si fuera un modelo nuevo de f\u00e1brica. VENTAJAS PRINCIPALES: Motor de 550W, silencioso y de bajo consumo. Se instala directamente en [&hellip;]<\/p>\n","protected":false},"featured_media":104828,"comment_status":"open","ping_status":"closed","template":"","meta":[],"product_brand":[],"product_cat":[4997],"product_tag":[],"class_list":{"0":"post-104861","1":"product","2":"type-product","3":"status-publish","4":"has-post-thumbnail","6":"product_cat-motores-repuesteria-insumo","8":"first","9":"instock","10":"shipping-taxable","11":"purchasable","12":"product-type-simple"},"_links":{"self":[{"href":"https:\/\/vicosalta.com.ar\/index.php?rest_route=\/wp\/v2\/product\/104861","targetHints":{"allow":["GET"]}}],"collection":[{"href":"https:\/\/vicosalta.com.ar\/index.php?rest_route=\/wp\/v2\/product"}],"about":[{"href":"https:\/\/vicosalta.com.ar\/index.php?rest_route=\/wp\/v2\/types\/product"}],"replies":[{"embeddable":true,"href":"https:\/\/vicosalta.com.ar\/index.php?rest_route=%2Fwp%2Fv2%2Fcomments&post=104861"}],"version-history":[{"count":5,"href":"https:\/\/vicosalta.com.ar\/index.php?rest_route=\/wp\/v2\/product\/104861\/revisions"}],"predecessor-version":[{"id":104954,"href":"https:\/\/vicosalta.com.ar\/index.php?rest_route=\/wp\/v2\/product\/104861\/revisions\/104954"}],"wp:featuredmedia":[{"embeddable":true,"href":"https:\/\/vicosalta.com.ar\/index.php?rest_route=\/wp\/v2\/media\/104828"}],"wp:attachment":[{"href":"https:\/\/vicosalta.com.ar\/index.php?rest_route=%2Fwp%2Fv2%2Fmedia&parent=104861"}],"wp:term":[{"taxonomy":"product_brand","embeddable":true,"href":"https:\/\/vicosalta.com.ar\/index.php?rest_route=%2Fwp%2Fv2%2Fproduct_brand&post=104861"},{"taxonomy":"product_cat","embeddable":true,"href":"https:\/\/vicosalta.com.ar\/index.php?rest_route=%2Fwp%2Fv2%2Fproduct_cat&post=104861"},{"taxonomy":"product_tag","embeddable":true,"href":"https:\/\/vicosalta.com.ar\/index.php?rest_route=%2Fwp%2Fv2%2Fproduct_tag&post=104861"}],"curies":[{"name":"wp","href":"https:\/\/api.w.org\/{rel}","templated":true}]}}